{"id":3551,"date":"2023-06-23T10:59:28","date_gmt":"2023-06-23T10:59:28","guid":{"rendered":"https:\/\/jubopadel.com\/informativa-sulla-privacy\/"},"modified":"2024-07-04T07:21:42","modified_gmt":"2024-07-04T07:21:42","slug":"informativa-sulla-privacy","status":"publish","type":"page","link":"https:\/\/jubopadel.com\/it\/informativa-sulla-privacy\/","title":{"rendered":"Informativa sulla privacy"},"content":{"rendered":"\n<p>La presente informativa sulla privacy \u00e8 conforme al Regolamento (UE) 2016\/679 del Parlamento europeo e del Consiglio, del 27 aprile 2016, relativo alla protezione delle persone fisiche con riguardo al trattamento dei dati personali, nonch\u00e9 alla libera circolazione di tali dati (RGPD), alla Legge organica 3\/2018 del 5 dicembre, sulla protezione dei dati personali e la garanzia dei diritti digitali (LOPDGDD), nonch\u00e9, nella misura in cui non sia in contrasto con i suddetti regolamenti, con la Legge Organica 15\/1999, sulla protezione dei dati personali (LOPD) e i relativi regolamenti di attuazione, e\/o quelli che potranno sostituirli o aggiornarli in futuro.<br\/>La nostra organizzazione si impegna a tutelare la privacy dei vostri dati personali. I dati personali forniti sono necessari per fornire i nostri servizi e sono trattati in modo lecito, equo e trasparente, garantendo un&#8217;adeguata sicurezza degli stessi, compresa la protezione da trattamenti non autorizzati o illeciti e da perdite, distruzioni o danni accidentali attraverso l&#8217;applicazione di misure tecniche e organizzative.<br\/>Desideriamo fornirvi tutte le informazioni necessarie sul trattamento dei vostri dati personali da parte di questa organizzazione in modo trasparente e corretto.<\/p>\n\n<h2 class=\"wp-block-heading\">I. &#8211; Responsabile del trattamento<\/h2>\n\n<ul class=\"wp-block-list\">\n<li>IDENTIT\u00c0: JUBO PADEL INTERNATIONAL, S.L.<\/li>\n\n\n\n<li>C.I.F. \/ N.I.F.: B53298808<\/li>\n\n\n\n<li>INDIRIZZO: CALLE RIU XUQUER, NUM 6 &#8211; 03778 BENIARBEIG &#8211; (ALICANTE)<\/li>\n\n\n\n<li>E-MAIL: info@jubopadel.com<\/li>\n<\/ul>\n\n<h2 class=\"wp-block-heading\">II.- Destinatari dei dati personali<\/h2>\n\n<ol class=\"wp-block-list\">\n<li>I dati personali forniti non saranno in alcun modo trasferiti se non nei casi previsti dagli specifici trattamenti.<\/li>\n\n\n\n<li>Facoltativamente, per la contrattazione di servizi di cloud computing e\/o di servizi per l&#8217;invio di posta elettronica, di comunicazione, nonch\u00e9 di altri servizi informatici connessi, i dati personali<\/li>\n<\/ol>\n\n<p>sarebbe:<\/p>\n\n<ul class=\"wp-block-list\">\n<li>Assegnato a societ\u00e0 di servizi informatici situate all&#8217;interno dello Spazio Economico Europeo (SEE) o,<\/li>\n\n\n\n<li>Trasferiti a societ\u00e0 di servizi informatici situate al di fuori del SEE coperte dal Privacy Shield, in modo che dispongano di misure di protezione adeguate per garantire la sicurezza dei dati personali. Potete ottenere maggiori informazioni visitando questo link: https:\/\/www.privacyshield.gov\/welcome<\/li>\n<\/ul>\n\n<h2 class=\"wp-block-heading\">III.- Base giuridica che legittima il trattamento dei dati personali<\/h2>\n\n<p>In ogni specifico trattamento di dati personali vi informeremo della base giuridica che lo legittima.<\/p>\n\n<h2 class=\"wp-block-heading\">IV.- Diritti<\/h2>\n\n<h3 class=\"wp-block-heading\">Diritto di accesso<\/h3>\n\n<p>\u00c8 il diritto di ottenere dal titolare del trattamento la conferma che stia trattando o meno dati personali che riguardano l&#8217;interessato e, in tal caso, il diritto di accesso ai dati personali e alle seguenti informazioni: le finalit\u00e0 del trattamento, le categorie di dati personali. in questione, i destinatari o le categorie di destinatari a cui i dati personali sono stati o saranno comunicati, il periodo di conservazione o i criteri utilizzati per determinare tale periodo, l&#8217;esistenza del diritto di richiedere al responsabile del trattamento la rettifica o la cancellazione dei dati. dati personali o la limitazione del trattamento dei dati personali relativi all&#8217;interessato o di opporsi a tale trattamento, il diritto di presentare un reclamo all&#8217;Agenzia spagnola per la protezione dei dati (AEPD), l&#8217;esistenza, se del caso, di decisioni automatizzate, compresa la preparazione di profili, quando i dati sono trasferiti a paesi terzi il diritto di essere informati delle garanzie appropriate applicate.<\/p>\n\n<h3 class=\"wp-block-heading\">Diritto di rettifica<\/h3>\n\n<p>\u00c8 il diritto di richiedere la rettifica dei propri dati personali se inesatti, compreso il diritto di completare i dati che appaiono incompleti. Va tenuto presente che, fornendoci i dati personali con qualsiasi mezzo, l&#8217;utente garantisce che essi sono veritieri e accurati e si impegna a comunicarci qualsiasi cambiamento o modifica degli stessi. Pertanto, qualsiasi danno causato dalla comunicazione di informazioni errate, imprecise o incomplete nei moduli web sar\u00e0 di esclusiva responsabilit\u00e0 dell&#8217;interessato.<\/p>\n\n<h3 class=\"wp-block-heading\">Diritto di cancellazione<\/h3>\n\n<p>\u00c8 il diritto di richiedere la cancellazione dei propri dati personali quando, tra gli altri casi, non sono pi\u00f9 necessari per lo scopo per cui sono stati raccolti, oppure vengono elaborati in altro modo o si ritira il consenso. Si deve tenere conto del fatto che la cancellazione non avverr\u00e0 quando i dati vengono trattati<br\/>I dati personali sono necessari, tra l&#8217;altro, per l&#8217;adempimento di obblighi legali o per la formulazione, l&#8217;esercizio o la difesa di rivendicazioni.<\/p>\n\n<h3 class=\"wp-block-heading\">Diritto alla limitazione<\/h3>\n\n<p>\u00c8 il diritto di richiedere la limitazione del trattamento dei vostri dati personali, il che significa che in alcuni casi potete chiederci di sospendere temporaneamente il trattamento dei vostri dati personali o di conservarli oltre il tempo necessario in cui potreste averne bisogno.<\/p>\n\n<h3 class=\"wp-block-heading\">Diritto di revoca del consenso<\/h3>\n\n<p>\u00c8 facolt\u00e0 dell&#8217;utente revocare il consenso prestato spuntando la voce &#8220;Ho letto e accetto l&#8217;informativa sulla privacy&#8221; in qualsiasi momento e secondo quanto specificato nella corrispondente sezione &#8220;Esercizio dei diritti&#8221; o nello specifico trattamento delle comunicazioni commerciali o della Newsletter. Va tenuto presente che questo diritto non avr\u00e0 effetto se, tra gli altri casi, il trattamento dei dati personali \u00e8 necessario per l&#8217;adempimento di un obbligo legale, l&#8217;esecuzione e il mantenimento di un rapporto contrattuale, o per la formulazione, l&#8217;esercizio o la difesa di reclami. Allo stesso modo, la revoca del consenso non avr\u00e0 effetti retroattivi, cio\u00e8 non influir\u00e0 sulla legalit\u00e0 del trattamento basato sul consenso precedente alla revoca.<\/p>\n\n<h3 class=\"wp-block-heading\">Diritto alla portabilit\u00e0<\/h3>\n\n<p>\u00c8 il diritto di ricevere i dati personali che vi riguardano e che ci avete fornito, in un formato strutturato, di uso comune e leggibile da dispositivo automatico, e di trasmetterli a un altro responsabile, a condizione che: il trattamento si basi sul vostro consenso e sia effettuato con mezzi automatizzati o informatici.<\/p>\n\n<h3 class=\"wp-block-heading\">Diritto all&#8217;opposizione  <\/h3>\n\n<p>\u00c8 il diritto di opporsi al trattamento dei vostri dati personali sulla base del nostro legittimo interesse. Non continueremo a trattare i dati personali dell&#8217;utente a meno che non si possano dimostrare motivi legittimi impellenti per il trattamento che prevalgono sugli interessi, i diritti e le libert\u00e0 dell&#8217;utente, o per l&#8217;istituzione, l&#8217;esercizio o la difesa di rivendicazioni.<\/p>\n\n<h3 class=\"wp-block-heading\">Diritto di presentare un reclamo a un&#8217;autorit\u00e0 di controllo<\/h3>\n\n<p>Se ritenete che i vostri dati personali siano stati trattati in modo scorretto, potete contattarci o avete anche il diritto di presentare un reclamo all&#8217;Agenzia spagnola per la protezione dei dati (AEPD):<br\/><a href=\"https:\/\/www.agpd.es\/portalwebAGPD\/index-ides-idphp.php\" target=\"_blank\" rel=\"noopener\">https:\/\/www.agpd.es\/portalwebAGPD\/index-ides-idphp.php<\/a><\/p>\n\n<h3 class=\"wp-block-heading\">Esercizio dei diritti<\/h3>\n\n<p>\u00c8 possibile esercitare i propri diritti scrivendo all&#8217;indirizzo postale sopra indicato o inviando un&#8217;e-mail a info@jubopadel.com, allegando in entrambi i casi una copia del proprio NIF\/NIE\/Passaporto o documento analogo.<\/p>\n\n<h2 class=\"wp-block-heading\">V.- Trattamento dei dati personali<\/h2>\n\n<h3 class=\"wp-block-heading\">Disposizioni generali<\/h3>\n\n<p>I dati personali richiesti in ciascuno degli specifici trattamenti sono adeguati, pertinenti e limitati a quanto necessario in relazione alle finalit\u00e0 per le quali sono trattati, per cui \u00e8 rispettato il principio di minimizzazione dei dati.<br\/>I dati personali richiesti in ciascuno degli specifici trattamenti sono strettamente necessari; l&#8217;eventuale rifiuto di fornirli comporterebbe l&#8217;impossibilit\u00e0 di erogare il servizio richiesto.<br\/>Le comunicazioni di dati personali previste in ciascuno degli specifici trattamenti sono in alcuni casi necessarie per l&#8217;esecuzione e il mantenimento di un contratto e in altri casi per l&#8217;adempimento di un obbligo legale applicabile al responsabile del trattamento.<\/p>\n\n<h3 class=\"wp-block-heading\">Assistente digitale &#8211; &#8220;Chatbot&#8221; o &#8220;Chat online&#8221;.<\/h3>\n\n<p>Nel caso in cui questo sito web utilizzi un software di chat online, fornito come self-service per fornire agli utenti una risposta adeguata e rapida alle domande pi\u00f9 comuni e per migliorare i servizi al consumatore a beneficio degli utenti che visitano il sito web, I seguenti dati saranno trattati durante la conversazione con il &#8220;chat bot&#8221;: l&#8217;indirizzo IP e altri dati personali inseriti nella funzione di conversazione del &#8220;chat bot&#8221;.<br\/>I dati raccolti non saranno utilizzati per identificare personalmente il visitatore del sito web e non saranno uniti ai dati personali del portatore dello pseudonimo, a meno che i dati personali non siano forniti volontariamente durante l&#8217;utilizzo della chat online.<br\/>La base giuridica di questo trattamento \u00e8 costituita dall&#8217;articolo 6, paragrafo 1, lettera f), del GDPR.<\/p>\n\n<h3 class=\"wp-block-heading\">Modulo di contatto<\/h3>\n\n<p>I dati personali saranno trattati per incanalare richieste di informazioni, suggerimenti e reclami da parte degli utenti o dei clienti.<br\/>La base giuridica che legittima il trattamento dei dati personali \u00e8 il consenso espresso selezionando &#8220;Ho letto e accetto l&#8217;informativa sulla privacy&#8221;.<br\/>I dati personali saranno conservati per un periodo di due anni dal momento in cui cessano di essere trattati, fatto salvo l&#8217;esercizio dei diritti che vi assistono in quanto interessati.<\/p>\n\n<h3 class=\"wp-block-heading\">Comunicazioni commerciali o newsletter<\/h3>\n\n<p>I dati personali saranno trattati per gestire l&#8217;iscrizione alla nostra Newsletter, compreso l&#8217;invio di informazioni personalizzate o non personalizzate sui nostri prodotti o servizi attraverso vari mezzi quali telefono, e-mail, SMS, applicazioni per dispositivi mobili, nonch\u00e9 attraverso qualsiasi procedura. analogo. Va tenuto presente che questo tipo di trattamento dei dati pu\u00f2 comportare l&#8217;analisi del vostro profilo utente per determinare le vostre preferenze e potervi cos\u00ec inviare informazioni pi\u00f9 adeguate ai vostri interessi.<br\/>\u00c8 possibile richiedere la cancellazione per questo tipo di trattamento, a seconda del mezzo utilizzato, nel modo seguente: &#8211; Email: Attraverso l&#8217;apposito link che troverete in ogni comunicazione.<br\/>per via elettronica o attraverso una procedura analoga specificata nella comunicazione commerciale. &#8211; WhatsApp (altre applicazioni): Richiesta di annullamento dell&#8217;iscrizione.<\/p>\n\n<h4 class=\"wp-block-heading\">&#8211; SMS: Richiesta di annullamento dell&#8217;iscrizione.<\/h4>\n\n<p>La base giuridica che legittima il trattamento dei dati personali \u00e8 il consenso espresso: selezionando &#8220;Ho letto e accetto l&#8217;informativa sulla privacy&#8221; sul sito web, tramite un documento fisico o tramite e-mail, a seconda dei casi.<br\/>Occorre tenere presente che se il mezzo utilizzato \u00e8 WhatsApp, i dati personali saranno trasferiti a WhatsApp Ireland Limited, che si trova all&#8217;interno del SEE.<br\/>I dati personali saranno conservati fino a quando l&#8217;utente non ritirer\u00e0 il consenso secondo le modalit\u00e0 indicate in questa sezione.<\/p>\n","protected":false},"excerpt":{"rendered":"<p>La presente informativa sulla privacy \u00e8 conforme al Regolamento (UE) 2016\/679 del Parlamento europeo e del Consiglio, del 27 aprile 2016, relativo alla protezione delle persone fisiche con riguardo al trattamento dei dati personali, nonch\u00e9 alla libera circolazione di tali dati (RGPD), alla Legge organica 3\/2018 del 5 dicembre, sulla protezione dei dati personali e [&hellip;]<\/p>\n","protected":false},"author":1,"featured_media":0,"parent":0,"menu_order":0,"comment_status":"closed","ping_status":"open","template":"","meta":{"footnotes":""},"class_list":["post-3551","page","type-page","status-publish","hentry"],"_links":{"self":[{"href":"https:\/\/jubopadel.com\/it\/wp-json\/wp\/v2\/pages\/3551","targetHints":{"allow":["GET"]}}],"collection":[{"href":"https:\/\/jubopadel.com\/it\/wp-json\/wp\/v2\/pages"}],"about":[{"href":"https:\/\/jubopadel.com\/it\/wp-json\/wp\/v2\/types\/page"}],"author":[{"embeddable":true,"href":"https:\/\/jubopadel.com\/it\/wp-json\/wp\/v2\/users\/1"}],"replies":[{"embeddable":true,"href":"https:\/\/jubopadel.com\/it\/wp-json\/wp\/v2\/comments?post=3551"}],"version-history":[{"count":8,"href":"https:\/\/jubopadel.com\/it\/wp-json\/wp\/v2\/pages\/3551\/revisions"}],"predecessor-version":[{"id":9539,"href":"https:\/\/jubopadel.com\/it\/wp-json\/wp\/v2\/pages\/3551\/revisions\/9539"}],"wp:attachment":[{"href":"https:\/\/jubopadel.com\/it\/wp-json\/wp\/v2\/media?parent=3551"}],"curies":[{"name":"wp","href":"https:\/\/api.w.org\/{rel}","templated":true}]}}

<p>La presente informativa sulla privacy è conforme al Regolamento (UE) 2016/679 del Parlamento europeo e del Consiglio, del 27 aprile 2016, relativo alla protezione delle persone fisiche con riguardo al trattamento dei dati personali, nonché alla libera circolazione di tali dati (RGPD), alla Legge organica 3/2018 del 5 dicembre, sulla protezione dei dati personali e la garanzia dei diritti digitali (LOPDGDD), nonché, nella misura in cui non sia in contrasto con i suddetti regolamenti, con la Legge Organica 15/1999, sulla protezione dei dati personali (LOPD) e i relativi regolamenti di attuazione, e/o quelli che potranno sostituirli o aggiornarli in futuro.<br/>La nostra organizzazione si impegna a tutelare la privacy dei vostri dati personali. I dati personali forniti sono necessari per fornire i nostri servizi e sono trattati in modo lecito, equo e trasparente, garantendo un&#8217;adeguata sicurezza degli stessi, compresa la protezione da trattamenti non autorizzati o illeciti e da perdite, distruzioni o danni accidentali attraverso l&#8217;applicazione di misure tecniche e organizzative.<br/>Desideriamo fornirvi tutte le informazioni necessarie sul trattamento dei vostri dati personali da parte di questa organizzazione in modo trasparente e corretto.</p>

<h2 class="wp-block-heading">I. &#8211; Responsabile del trattamento</h2>

<ul class="wp-block-list">
<li>IDENTITÀ: JUBO PADEL INTERNATIONAL, S.L.</li>



<li>C.I.F. / N.I.F.: B53298808</li>



<li>INDIRIZZO: CALLE RIU XUQUER, NUM 6 &#8211; 03778 BENIARBEIG &#8211; (ALICANTE)</li>



<li>E-MAIL: info@jubopadel.com</li>
</ul>

<h2 class="wp-block-heading">II.- Destinatari dei dati personali</h2>

<ol class="wp-block-list">
<li>I dati personali forniti non saranno in alcun modo trasferiti se non nei casi previsti dagli specifici trattamenti.</li>



<li>Facoltativamente, per la contrattazione di servizi di cloud computing e/o di servizi per l&#8217;invio di posta elettronica, di comunicazione, nonché di altri servizi informatici connessi, i dati personali</li>
</ol>

<p>sarebbe:</p>

<ul class="wp-block-list">
<li>Assegnato a società di servizi informatici situate all&#8217;interno dello Spazio Economico Europeo (SEE) o,</li>



<li>Trasferiti a società di servizi informatici situate al di fuori del SEE coperte dal Privacy Shield, in modo che dispongano di misure di protezione adeguate per garantire la sicurezza dei dati personali. Potete ottenere maggiori informazioni visitando questo link: https://www.privacyshield.gov/welcome</li>
</ul>

<h2 class="wp-block-heading">III.- Base giuridica che legittima il trattamento dei dati personali</h2>

<p>In ogni specifico trattamento di dati personali vi informeremo della base giuridica che lo legittima.</p>

<h2 class="wp-block-heading">IV.- Diritti</h2>

<h3 class="wp-block-heading">Diritto di accesso</h3>

<p>È il diritto di ottenere dal titolare del trattamento la conferma che stia trattando o meno dati personali che riguardano l&#8217;interessato e, in tal caso, il diritto di accesso ai dati personali e alle seguenti informazioni: le finalità del trattamento, le categorie di dati personali. in questione, i destinatari o le categorie di destinatari a cui i dati personali sono stati o saranno comunicati, il periodo di conservazione o i criteri utilizzati per determinare tale periodo, l&#8217;esistenza del diritto di richiedere al responsabile del trattamento la rettifica o la cancellazione dei dati. dati personali o la limitazione del trattamento dei dati personali relativi all&#8217;interessato o di opporsi a tale trattamento, il diritto di presentare un reclamo all&#8217;Agenzia spagnola per la protezione dei dati (AEPD), l&#8217;esistenza, se del caso, di decisioni automatizzate, compresa la preparazione di profili, quando i dati sono trasferiti a paesi terzi il diritto di essere informati delle garanzie appropriate applicate.</p>

<h3 class="wp-block-heading">Diritto di rettifica</h3>

<p>È il diritto di richiedere la rettifica dei propri dati personali se inesatti, compreso il diritto di completare i dati che appaiono incompleti. Va tenuto presente che, fornendoci i dati personali con qualsiasi mezzo, l&#8217;utente garantisce che essi sono veritieri e accurati e si impegna a comunicarci qualsiasi cambiamento o modifica degli stessi. Pertanto, qualsiasi danno causato dalla comunicazione di informazioni errate, imprecise o incomplete nei moduli web sarà di esclusiva responsabilità dell&#8217;interessato.</p>

<h3 class="wp-block-heading">Diritto di cancellazione</h3>

<p>È il diritto di richiedere la cancellazione dei propri dati personali quando, tra gli altri casi, non sono più necessari per lo scopo per cui sono stati raccolti, oppure vengono elaborati in altro modo o si ritira il consenso. Si deve tenere conto del fatto che la cancellazione non avverrà quando i dati vengono trattati<br/>I dati personali sono necessari, tra l&#8217;altro, per l&#8217;adempimento di obblighi legali o per la formulazione, l&#8217;esercizio o la difesa di rivendicazioni.</p>

<h3 class="wp-block-heading">Diritto alla limitazione</h3>

<p>È il diritto di richiedere la limitazione del trattamento dei vostri dati personali, il che significa che in alcuni casi potete chiederci di sospendere temporaneamente il trattamento dei vostri dati personali o di conservarli oltre il tempo necessario in cui potreste averne bisogno.</p>

<h3 class="wp-block-heading">Diritto di revoca del consenso</h3>

<p>È facoltà dell&#8217;utente revocare il consenso prestato spuntando la voce &#8220;Ho letto e accetto l&#8217;informativa sulla privacy&#8221; in qualsiasi momento e secondo quanto specificato nella corrispondente sezione &#8220;Esercizio dei diritti&#8221; o nello specifico trattamento delle comunicazioni commerciali o della Newsletter. Va tenuto presente che questo diritto non avrà effetto se, tra gli altri casi, il trattamento dei dati personali è necessario per l&#8217;adempimento di un obbligo legale, l&#8217;esecuzione e il mantenimento di un rapporto contrattuale, o per la formulazione, l&#8217;esercizio o la difesa di reclami. Allo stesso modo, la revoca del consenso non avrà effetti retroattivi, cioè non influirà sulla legalità del trattamento basato sul consenso precedente alla revoca.</p>

<h3 class="wp-block-heading">Diritto alla portabilità</h3>

<p>È il diritto di ricevere i dati personali che vi riguardano e che ci avete fornito, in un formato strutturato, di uso comune e leggibile da dispositivo automatico, e di trasmetterli a un altro responsabile, a condizione che: il trattamento si basi sul vostro consenso e sia effettuato con mezzi automatizzati o informatici.</p>

<h3 class="wp-block-heading">Diritto all&#8217;opposizione  </h3>

<p>È il diritto di opporsi al trattamento dei vostri dati personali sulla base del nostro legittimo interesse. Non continueremo a trattare i dati personali dell&#8217;utente a meno che non si possano dimostrare motivi legittimi impellenti per il trattamento che prevalgono sugli interessi, i diritti e le libertà dell&#8217;utente, o per l&#8217;istituzione, l&#8217;esercizio o la difesa di rivendicazioni.</p>

<h3 class="wp-block-heading">Diritto di presentare un reclamo a un&#8217;autorità di controllo</h3>

<p>Se ritenete che i vostri dati personali siano stati trattati in modo scorretto, potete contattarci o avete anche il diritto di presentare un reclamo all&#8217;Agenzia spagnola per la protezione dei dati (AEPD):<br/><a href="https://www.agpd.es/portalwebAGPD/index-ides-idphp.php" target="_blank" rel="noopener">https://www.agpd.es/portalwebAGPD/index-ides-idphp.php</a></p>

<h3 class="wp-block-heading">Esercizio dei diritti</h3>

<p>È possibile esercitare i propri diritti scrivendo all&#8217;indirizzo postale sopra indicato o inviando un&#8217;e-mail a info@jubopadel.com, allegando in entrambi i casi una copia del proprio NIF/NIE/Passaporto o documento analogo.</p>

<h2 class="wp-block-heading">V.- Trattamento dei dati personali</h2>

<h3 class="wp-block-heading">Disposizioni generali</h3>

<p>I dati personali richiesti in ciascuno degli specifici trattamenti sono adeguati, pertinenti e limitati a quanto necessario in relazione alle finalità per le quali sono trattati, per cui è rispettato il principio di minimizzazione dei dati.<br/>I dati personali richiesti in ciascuno degli specifici trattamenti sono strettamente necessari; l&#8217;eventuale rifiuto di fornirli comporterebbe l&#8217;impossibilità di erogare il servizio richiesto.<br/>Le comunicazioni di dati personali previste in ciascuno degli specifici trattamenti sono in alcuni casi necessarie per l&#8217;esecuzione e il mantenimento di un contratto e in altri casi per l&#8217;adempimento di un obbligo legale applicabile al responsabile del trattamento.</p>

<h3 class="wp-block-heading">Assistente digitale &#8211; &#8220;Chatbot&#8221; o &#8220;Chat online&#8221;.</h3>

<p>Nel caso in cui questo sito web utilizzi un software di chat online, fornito come self-service per fornire agli utenti una risposta adeguata e rapida alle domande più comuni e per migliorare i servizi al consumatore a beneficio degli utenti che visitano il sito web, I seguenti dati saranno trattati durante la conversazione con il &#8220;chat bot&#8221;: l&#8217;indirizzo IP e altri dati personali inseriti nella funzione di conversazione del &#8220;chat bot&#8221;.<br/>I dati raccolti non saranno utilizzati per identificare personalmente il visitatore del sito web e non saranno uniti ai dati personali del portatore dello pseudonimo, a meno che i dati personali non siano forniti volontariamente durante l&#8217;utilizzo della chat online.<br/>La base giuridica di questo trattamento è costituita dall&#8217;articolo 6, paragrafo 1, lettera f), del GDPR.</p>

<h3 class="wp-block-heading">Modulo di contatto</h3>

<p>I dati personali saranno trattati per incanalare richieste di informazioni, suggerimenti e reclami da parte degli utenti o dei clienti.<br/>La base giuridica che legittima il trattamento dei dati personali è il consenso espresso selezionando &#8220;Ho letto e accetto l&#8217;informativa sulla privacy&#8221;.<br/>I dati personali saranno conservati per un periodo di due anni dal momento in cui cessano di essere trattati, fatto salvo l&#8217;esercizio dei diritti che vi assistono in quanto interessati.</p>

<h3 class="wp-block-heading">Comunicazioni commerciali o newsletter</h3>

<p>I dati personali saranno trattati per gestire l&#8217;iscrizione alla nostra Newsletter, compreso l&#8217;invio di informazioni personalizzate o non personalizzate sui nostri prodotti o servizi attraverso vari mezzi quali telefono, e-mail, SMS, applicazioni per dispositivi mobili, nonché attraverso qualsiasi procedura. analogo. Va tenuto presente che questo tipo di trattamento dei dati può comportare l&#8217;analisi del vostro profilo utente per determinare le vostre preferenze e potervi così inviare informazioni più adeguate ai vostri interessi.<br/>È possibile richiedere la cancellazione per questo tipo di trattamento, a seconda del mezzo utilizzato, nel modo seguente: &#8211; Email: Attraverso l&#8217;apposito link che troverete in ogni comunicazione.<br/>per via elettronica o attraverso una procedura analoga specificata nella comunicazione commerciale. &#8211; WhatsApp (altre applicazioni): Richiesta di annullamento dell&#8217;iscrizione.</p>

<h4 class="wp-block-heading">&#8211; SMS: Richiesta di annullamento dell&#8217;iscrizione.</h4>

<p>La base giuridica che legittima il trattamento dei dati personali è il consenso espresso: selezionando &#8220;Ho letto e accetto l&#8217;informativa sulla privacy&#8221; sul sito web, tramite un documento fisico o tramite e-mail, a seconda dei casi.<br/>Occorre tenere presente che se il mezzo utilizzato è WhatsApp, i dati personali saranno trasferiti a WhatsApp Ireland Limited, che si trova all&#8217;interno del SEE.<br/>I dati personali saranno conservati fino a quando l&#8217;utente non ritirerà il consenso secondo le modalità indicate in questa sezione.</p>

<p>La presente informativa sulla privacy è conforme al Regolamento (UE) 2016/679 del Parlamento europeo e del Consiglio, del 27 aprile 2016, relativo alla protezione delle persone fisiche con riguardo al trattamento dei dati personali, nonché alla libera circolazione di tali dati (RGPD), alla Legge organica 3/2018 del 5 dicembre, sulla protezione dei dati personali e [&hellip;]</p>
