{"id":7768,"date":"2023-06-23T10:59:28","date_gmt":"2023-06-23T10:59:28","guid":{"rendered":"https:\/\/jubopadel.com\/politica-de-privacidad\/"},"modified":"2024-07-04T07:21:43","modified_gmt":"2024-07-04T07:21:43","slug":"politica-de-privacidad","status":"publish","type":"page","link":"https:\/\/jubopadel.com\/es\/politica-de-privacidad\/","title":{"rendered":"Pol\u00edtica de privacidad"},"content":{"rendered":"\n<p>Esta pol\u00edtica de privacidad es conforme al Reglamento (UE) 2016\/679 del Parlamento Europeo y del Consejo, de 27 de abril de 2016, relativo a la protecci\u00f3n de las personas f\u00edsicas en lo que respecta al tratamiento de datos personales y a la libre circulaci\u00f3n de estos datos (RGPD), a la Ley Org\u00e1nica 3\/2018, de 5 de diciembre, de Protecci\u00f3n de Datos de Car\u00e1cter Personal y Garant\u00eda de los Derechos Digitales (LOPDGDD), as\u00ed como, en lo que no se oponga a la normativa citada, a la Ley Org\u00e1nica 15\/1999, de Protecci\u00f3n de Datos de Car\u00e1cter Personal (LOPD) y su normativa de desarrollo, y\/o las que en el futuro las sustituyan o actualicen.<br\/>Nuestra organizaci\u00f3n est\u00e1 comprometida con la privacidad de sus datos personales. Los datos personales proporcionados son necesarios para prestar nuestros servicios y se tratan de forma l\u00edcita, justa y transparente, garantizando una seguridad adecuada de los mismos, incluida la protecci\u00f3n contra el tratamiento no autorizado o il\u00edcito y contra la p\u00e9rdida, destrucci\u00f3n o da\u00f1os accidentales mediante la aplicaci\u00f3n de medidas t\u00e9cnicas y organizativas.<br\/>Nos gustar\u00eda proporcionarle toda la informaci\u00f3n necesaria sobre el tratamiento de sus datos personales por parte de esta organizaci\u00f3n de forma transparente y justa.<\/p>\n\n<h2 class=\"wp-block-heading\">I.- Responsable del tratamiento<\/h2>\n\n<ul class=\"wp-block-list\">\n<li>IDENTIDAD: JUBO PADEL INTERNATIONAL, S.L.<\/li>\n\n\n\n<li>C.I.F. \/ N.I.F.: B53298808<\/li>\n\n\n\n<li>DIRECCI\u00d3N: CALLE RIU XUQUER, NUM 6 &#8211; 03778 BENIARBEIG &#8211; (ALICANTE)<\/li>\n\n\n\n<li>E-MAIL: info@jubopadel.com<\/li>\n<\/ul>\n\n<h2 class=\"wp-block-heading\">II.- Destinatarios de los datos personales<\/h2>\n\n<ol class=\"wp-block-list\">\n<li>Los datos personales facilitados no ser\u00e1n objeto de ning\u00fan tipo de cesi\u00f3n salvo que as\u00ed se establezca en los tratamientos espec\u00edficos.<\/li>\n\n\n\n<li>Opcionalmente, para la contrataci\u00f3n de servicios de computaci\u00f3n en la nube y\/o servicios de env\u00edo de correos electr\u00f3nicos, comunicaci\u00f3n, as\u00ed como otros servicios inform\u00e1ticos relacionados, datos personales<\/li>\n<\/ol>\n\n<p>ser\u00eda:<\/p>\n\n<ul class=\"wp-block-list\">\n<li>Asignado a empresas de servicios inform\u00e1ticos ubicadas en el Espacio Econ\u00f3mico Europeo (EEE) o,<\/li>\n\n\n\n<li>Transferidos a empresas de servicios inform\u00e1ticos ubicadas fuera del EEE cubiertas por el Escudo de Privacidad, por lo que cuentan con medidas de protecci\u00f3n adecuadas para garantizar la seguridad de los datos personales. Puede obtener m\u00e1s informaci\u00f3n visitando este enlace: https:\/\/www.privacyshield.gov\/welcome<\/li>\n<\/ul>\n\n<h2 class=\"wp-block-heading\">III.- Base jur\u00eddica que legitima el tratamiento de los datos personales<\/h2>\n\n<p>En cada tratamiento concreto de datos personales le informaremos de la base jur\u00eddica que lo legitima.<\/p>\n\n<h2 class=\"wp-block-heading\">IV.- Derechos<\/h2>\n\n<h3 class=\"wp-block-heading\">Derecho de acceso<\/h3>\n\n<p>Es el derecho a obtener del responsable del tratamiento la confirmaci\u00f3n de si est\u00e1 tratando o no datos personales que conciernan al interesado y, en tal caso, el derecho de acceso a los datos personales y a la siguiente informaci\u00f3n: los fines del tratamiento, las categor\u00edas de datos personales. en cuesti\u00f3n, los destinatarios o categor\u00edas de destinatarios a los que se comunicaron o comunicar\u00e1n los datos personales, el plazo de conservaci\u00f3n o los criterios utilizados para determinar dicho plazo, la existencia del derecho a solicitar al responsable del tratamiento la rectificaci\u00f3n o supresi\u00f3n de los datos. datos personales o la limitaci\u00f3n del tratamiento de los datos personales del interesado o a oponerse a dicho tratamiento, el derecho a presentar una reclamaci\u00f3n ante la Agencia Espa\u00f1ola de Protecci\u00f3n de Datos (AEPD), la existencia, en su caso, de decisiones automatizadas, incluida la elaboraci\u00f3n de perfiles, cuando los datos sean transferidos a terceros pa\u00edses el derecho a ser informado de las oportunas garant\u00edas aplicadas.<\/p>\n\n<h3 class=\"wp-block-heading\">Derecho de rectificaci\u00f3n<\/h3>\n\n<p>Es el derecho a solicitar la rectificaci\u00f3n de sus datos personales si son inexactos, incluido el derecho a completar los datos que parezcan incompletos. Debe tenerse en cuenta que al facilitarnos sus datos personales por cualquier medio, usted garantiza que son ciertos y exactos y se compromete a notificarnos cualquier cambio o modificaci\u00f3n de los mismos. Por lo tanto, cualquier perjuicio causado por la comunicaci\u00f3n de datos err\u00f3neos, inexactos o incompletos en los formularios de la web ser\u00e1 responsabilidad exclusiva del interesado.<\/p>\n\n<h3 class=\"wp-block-heading\">Derecho de supresi\u00f3n<\/h3>\n\n<p>Es el derecho a solicitar la supresi\u00f3n de sus datos personales cuando, entre otros casos, ya no sean necesarios para los fines para los que fueron recogidos, se est\u00e9n tratando de otra forma o usted retire su consentimiento. Hay que tener en cuenta que la supresi\u00f3n no se producir\u00e1 cuando se traten los datos<br\/>Los datos personales son necesarios, entre otros casos, para el cumplimiento de obligaciones legales o para la formulaci\u00f3n, el ejercicio o la defensa de reclamaciones.<\/p>\n\n<h3 class=\"wp-block-heading\">Derecho de limitaci\u00f3n<\/h3>\n\n<p>Es el derecho a solicitar la limitaci\u00f3n del tratamiento de sus datos personales, lo que significa que en determinados casos puede pedirnos que suspendamos temporalmente el tratamiento de sus datos personales o que los conservemos m\u00e1s all\u00e1 del tiempo necesario en que pueda necesitarlos.<\/p>\n\n<h3 class=\"wp-block-heading\">Derecho a retirar el consentimiento<\/h3>\n\n<p>Tiene derecho a retirar el consentimiento que nos ha facilitado marcando \u00abHe le\u00eddo y acepto la pol\u00edtica de privacidad\u00bb en cualquier momento y tal y como se especifica en el apartado correspondiente \u00abEjercicio de derechos\u00bb o en el tratamiento espec\u00edfico de las comunicaciones comerciales o Newsletter. Hay que tener en cuenta que este derecho no surtir\u00e1 efecto si, entre otros casos, el tratamiento de los datos personales es necesario para el cumplimiento de una obligaci\u00f3n legal, la ejecuci\u00f3n y el mantenimiento de una relaci\u00f3n contractual, o para la formulaci\u00f3n, el ejercicio o la defensa de reclamaciones. Asimismo, la retirada del consentimiento no tendr\u00e1 efectos retroactivos, es decir, no afectar\u00e1 a la legalidad del tratamiento basado en el consentimiento previo a su retirada.<\/p>\n\n<h3 class=\"wp-block-heading\">Derecho a la portabilidad<\/h3>\n\n<p>Es el derecho a recibir los datos personales que le conciernan y que nos haya facilitado, en un formato estructurado, de uso com\u00fan y lectura mec\u00e1nica, y a transmitirlos a otro responsable, siempre que: el tratamiento se base en su consentimiento y se realice por medios automatizados o inform\u00e1ticos.<\/p>\n\n<h3 class=\"wp-block-heading\">Derecho de oposici\u00f3n  <\/h3>\n\n<p>Es el derecho a oponerse al tratamiento de sus datos personales basado en nuestro inter\u00e9s leg\u00edtimo. No seguiremos tratando sus datos personales a menos que podamos demostrar motivos leg\u00edtimos imperiosos para el tratamiento que prevalezcan sobre sus intereses, derechos y libertades, o para el establecimiento, ejercicio o defensa de reclamaciones.<\/p>\n\n<h3 class=\"wp-block-heading\">Derecho a presentar una reclamaci\u00f3n ante una autoridad de control<\/h3>\n\n<p>Si considera que tratamos sus datos personales de forma incorrecta, puede ponerse en contacto con nosotros o tambi\u00e9n tiene derecho a presentar una reclamaci\u00f3n ante la Agencia Espa\u00f1ola de Protecci\u00f3n de Datos (AEPD):<br\/><a href=\"https:\/\/www.agpd.es\/portalwebAGPD\/index-ides-idphp.php\" target=\"_blank\" rel=\"noopener\">https:\/\/www.agpd.es\/portalwebAGPD\/index-ides-idphp.php<\/a><\/p>\n\n<h3 class=\"wp-block-heading\">Ejercicio de derechos<\/h3>\n\n<p>Puede ejercitar sus derechos dirigi\u00e9ndose por escrito a la direcci\u00f3n postal arriba indicada o por correo electr\u00f3nico a info@jubopadel.com, adjuntando en ambos casos copia de su NIF\/NIE\/Pasaporte o documento similar.<\/p>\n\n<h2 class=\"wp-block-heading\">V.- Tratamiento de datos personales<\/h2>\n\n<h3 class=\"wp-block-heading\">Disposiciones generales<\/h3>\n\n<p>Los datos personales solicitados en cada uno de los tratamientos espec\u00edficos son adecuados, pertinentes y limitados a lo necesario en relaci\u00f3n con los fines para los que son tratados, por lo que se cumple el principio de minimizaci\u00f3n de datos.<br\/>Los datos personales solicitados en cada uno de los tratamientos espec\u00edficos son estrictamente necesarios; la negativa a suministrarlos implicar\u00eda no poder prestar el servicio solicitado.<br\/>Las comunicaciones de datos de car\u00e1cter personal previstas en cada uno de los tratamientos espec\u00edficos son en unos casos necesarias para la ejecuci\u00f3n y mantenimiento de un contrato y en otros casos para el cumplimiento de una obligaci\u00f3n legal aplicable al responsable del tratamiento.<\/p>\n\n<h3 class=\"wp-block-heading\">Asistente digital &#8211; \u00abChatbot\u00bb o \u00abChat en l\u00ednea\u00bb<\/h3>\n\n<p>En el caso de que este sitio web utilice un software de chat en l\u00ednea, proporcionado como autoservicio para proporcionar a los usuarios una respuesta adecuada y r\u00e1pida a preguntas comunes y para mejorar los servicios al consumidor en beneficio de los usuarios que visitan el sitio web, se tratar\u00e1n los siguientes datos durante la conversaci\u00f3n con el \u00abchat bot\u00bb: la direcci\u00f3n IP y otros datos personales introducidos en la funci\u00f3n de conversaci\u00f3n del \u00abchat bot\u00bb.<br\/>Los datos recogidos no se utilizar\u00e1n para identificar personalmente al visitante del sitio web, y no se fusionar\u00e1n con datos personales sobre el portador del seud\u00f3nimo, a menos que los datos personales se faciliten voluntariamente al utilizar el chat en l\u00ednea.<br\/>La base jur\u00eddica de este tratamiento se establece en el art\u00edculo 6, apartado 1, letra f), del RGPD.<\/p>\n\n<h3 class=\"wp-block-heading\">Formulario de contacto<\/h3>\n\n<p>Los datos personales se tratar\u00e1n para canalizar las solicitudes de informaci\u00f3n, sugerencias y quejas de los usuarios o clientes.<br\/>La base legal que legitima el tratamiento de los datos personales es el consentimiento expreso marcando \u00abHe le\u00eddo y acepto la pol\u00edtica de privacidad.\u00bb<br\/>Los datos personales se conservar\u00e1n durante un plazo de dos a\u00f1os desde el momento en que dejen de ser objeto de tratamiento, sin perjuicio del ejercicio de los derechos que le asisten como interesado.<\/p>\n\n<h3 class=\"wp-block-heading\">Comunicaciones comerciales o bolet\u00edn informativo<\/h3>\n\n<p>Los datos personales ser\u00e1n tratados para gestionar la suscripci\u00f3n a nuestra Newsletter, incluyendo el env\u00edo de informaci\u00f3n personalizada o no personalizada sobre nuestros productos o servicios a trav\u00e9s de diversos medios como tel\u00e9fono, correo electr\u00f3nico, SMS, aplicaciones para dispositivos m\u00f3viles, as\u00ed como por cualquier procedimiento. an\u00e1logo. Hay que tener en cuenta que este tipo de tratamiento de datos puede implicar el an\u00e1lisis de su perfil de usuario para determinar cu\u00e1les son sus preferencias y as\u00ed poder enviarle informaci\u00f3n m\u00e1s adecuada a sus intereses.<br\/>Puede solicitar la cancelaci\u00f3n de este tipo de tratamiento, en funci\u00f3n del medio utilizado, de la siguiente forma: &#8211; Correo electr\u00f3nico: A trav\u00e9s del enlace a tal efecto que encontrar\u00e1 en cada una de las comunicaciones.<br\/>electr\u00f3nicamente o mediante un procedimiento similar especificado en la comunicaci\u00f3n comercial. &#8211; WhatsApp (otras apps): Solicitud de baja.<\/p>\n\n<h4 class=\"wp-block-heading\">&#8211; SMS: Solicitud de baja.<\/h4>\n\n<p>La base legal que legitima el tratamiento de los datos personales es el consentimiento expreso prestado: marcando \u00abHe le\u00eddo y acepto la pol\u00edtica de privacidad\u00bb en la p\u00e1gina web, a trav\u00e9s de un documento f\u00edsico o a trav\u00e9s de correo electr\u00f3nico, dependiendo de cada caso.<br\/>Hay que tener en cuenta que si el medio utilizado es WhatsApp, los datos personales se transferir\u00e1n a WhatsApp Ireland Limited, que se encuentra dentro del EEE.<br\/>Los datos personales se conservar\u00e1n mientras usted no retire su consentimiento en la forma indicada en esta secci\u00f3n.<\/p>\n","protected":false},"excerpt":{"rendered":"<p>Esta pol\u00edtica de privacidad es conforme al Reglamento (UE) 2016\/679 del Parlamento Europeo y del Consejo, de 27 de abril de 2016, relativo a la protecci\u00f3n de las personas f\u00edsicas en lo que respecta al tratamiento de datos personales y a la libre circulaci\u00f3n de estos datos (RGPD), a la Ley Org\u00e1nica 3\/2018, de 5 [&hellip;]<\/p>\n","protected":false},"author":1,"featured_media":0,"parent":0,"menu_order":0,"comment_status":"closed","ping_status":"open","template":"","meta":{"footnotes":""},"class_list":["post-7768","page","type-page","status-publish","hentry"],"_links":{"self":[{"href":"https:\/\/jubopadel.com\/es\/wp-json\/wp\/v2\/pages\/7768","targetHints":{"allow":["GET"]}}],"collection":[{"href":"https:\/\/jubopadel.com\/es\/wp-json\/wp\/v2\/pages"}],"about":[{"href":"https:\/\/jubopadel.com\/es\/wp-json\/wp\/v2\/types\/page"}],"author":[{"embeddable":true,"href":"https:\/\/jubopadel.com\/es\/wp-json\/wp\/v2\/users\/1"}],"replies":[{"embeddable":true,"href":"https:\/\/jubopadel.com\/es\/wp-json\/wp\/v2\/comments?post=7768"}],"version-history":[{"count":9,"href":"https:\/\/jubopadel.com\/es\/wp-json\/wp\/v2\/pages\/7768\/revisions"}],"predecessor-version":[{"id":9540,"href":"https:\/\/jubopadel.com\/es\/wp-json\/wp\/v2\/pages\/7768\/revisions\/9540"}],"wp:attachment":[{"href":"https:\/\/jubopadel.com\/es\/wp-json\/wp\/v2\/media?parent=7768"}],"curies":[{"name":"wp","href":"https:\/\/api.w.org\/{rel}","templated":true}]}}

Política de privacidad

<p>Esta política de privacidad es conforme al Reglamento (UE) 2016/679 del Parlamento Europeo y del Consejo, de 27 de abril de 2016, relativo a la protección de las personas físicas en lo que respecta al tratamiento de datos personales y a la libre circulación de estos datos (RGPD), a la Ley Orgánica 3/2018, de 5 de diciembre, de Protección de Datos de Carácter Personal y Garantía de los Derechos Digitales (LOPDGDD), así como, en lo que no se oponga a la normativa citada, a la Ley Orgánica 15/1999, de Protección de Datos de Carácter Personal (LOPD) y su normativa de desarrollo, y/o las que en el futuro las sustituyan o actualicen.<br/>Nuestra organización está comprometida con la privacidad de sus datos personales. Los datos personales proporcionados son necesarios para prestar nuestros servicios y se tratan de forma lícita, justa y transparente, garantizando una seguridad adecuada de los mismos, incluida la protección contra el tratamiento no autorizado o ilícito y contra la pérdida, destrucción o daños accidentales mediante la aplicación de medidas técnicas y organizativas.<br/>Nos gustaría proporcionarle toda la información necesaria sobre el tratamiento de sus datos personales por parte de esta organización de forma transparente y justa.</p>

<h2 class="wp-block-heading">I.- Responsable del tratamiento</h2>

<ul class="wp-block-list">
<li>IDENTIDAD: JUBO PADEL INTERNATIONAL, S.L.</li>



<li>C.I.F. / N.I.F.: B53298808</li>



<li>DIRECCIÓN: CALLE RIU XUQUER, NUM 6 &#8211; 03778 BENIARBEIG &#8211; (ALICANTE)</li>



<li>E-MAIL: info@jubopadel.com</li>
</ul>

<h2 class="wp-block-heading">II.- Destinatarios de los datos personales</h2>

<ol class="wp-block-list">
<li>Los datos personales facilitados no serán objeto de ningún tipo de cesión salvo que así se establezca en los tratamientos específicos.</li>



<li>Opcionalmente, para la contratación de servicios de computación en la nube y/o servicios de envío de correos electrónicos, comunicación, así como otros servicios informáticos relacionados, datos personales</li>
</ol>

<p>sería:</p>

<ul class="wp-block-list">
<li>Asignado a empresas de servicios informáticos ubicadas en el Espacio Económico Europeo (EEE) o,</li>



<li>Transferidos a empresas de servicios informáticos ubicadas fuera del EEE cubiertas por el Escudo de Privacidad, por lo que cuentan con medidas de protección adecuadas para garantizar la seguridad de los datos personales. Puede obtener más información visitando este enlace: https://www.privacyshield.gov/welcome</li>
</ul>

<h2 class="wp-block-heading">III.- Base jurídica que legitima el tratamiento de los datos personales</h2>

<p>En cada tratamiento concreto de datos personales le informaremos de la base jurídica que lo legitima.</p>

<h2 class="wp-block-heading">IV.- Derechos</h2>

<h3 class="wp-block-heading">Derecho de acceso</h3>

<p>Es el derecho a obtener del responsable del tratamiento la confirmación de si está tratando o no datos personales que conciernan al interesado y, en tal caso, el derecho de acceso a los datos personales y a la siguiente información: los fines del tratamiento, las categorías de datos personales. en cuestión, los destinatarios o categorías de destinatarios a los que se comunicaron o comunicarán los datos personales, el plazo de conservación o los criterios utilizados para determinar dicho plazo, la existencia del derecho a solicitar al responsable del tratamiento la rectificación o supresión de los datos. datos personales o la limitación del tratamiento de los datos personales del interesado o a oponerse a dicho tratamiento, el derecho a presentar una reclamación ante la Agencia Española de Protección de Datos (AEPD), la existencia, en su caso, de decisiones automatizadas, incluida la elaboración de perfiles, cuando los datos sean transferidos a terceros países el derecho a ser informado de las oportunas garantías aplicadas.</p>

<h3 class="wp-block-heading">Derecho de rectificación</h3>

<p>Es el derecho a solicitar la rectificación de sus datos personales si son inexactos, incluido el derecho a completar los datos que parezcan incompletos. Debe tenerse en cuenta que al facilitarnos sus datos personales por cualquier medio, usted garantiza que son ciertos y exactos y se compromete a notificarnos cualquier cambio o modificación de los mismos. Por lo tanto, cualquier perjuicio causado por la comunicación de datos erróneos, inexactos o incompletos en los formularios de la web será responsabilidad exclusiva del interesado.</p>

<h3 class="wp-block-heading">Derecho de supresión</h3>

<p>Es el derecho a solicitar la supresión de sus datos personales cuando, entre otros casos, ya no sean necesarios para los fines para los que fueron recogidos, se estén tratando de otra forma o usted retire su consentimiento. Hay que tener en cuenta que la supresión no se producirá cuando se traten los datos<br/>Los datos personales son necesarios, entre otros casos, para el cumplimiento de obligaciones legales o para la formulación, el ejercicio o la defensa de reclamaciones.</p>

<h3 class="wp-block-heading">Derecho de limitación</h3>

<p>Es el derecho a solicitar la limitación del tratamiento de sus datos personales, lo que significa que en determinados casos puede pedirnos que suspendamos temporalmente el tratamiento de sus datos personales o que los conservemos más allá del tiempo necesario en que pueda necesitarlos.</p>

<h3 class="wp-block-heading">Derecho a retirar el consentimiento</h3>

<p>Tiene derecho a retirar el consentimiento que nos ha facilitado marcando «He leído y acepto la política de privacidad» en cualquier momento y tal y como se especifica en el apartado correspondiente «Ejercicio de derechos» o en el tratamiento específico de las comunicaciones comerciales o Newsletter. Hay que tener en cuenta que este derecho no surtirá efecto si, entre otros casos, el tratamiento de los datos personales es necesario para el cumplimiento de una obligación legal, la ejecución y el mantenimiento de una relación contractual, o para la formulación, el ejercicio o la defensa de reclamaciones. Asimismo, la retirada del consentimiento no tendrá efectos retroactivos, es decir, no afectará a la legalidad del tratamiento basado en el consentimiento previo a su retirada.</p>

<h3 class="wp-block-heading">Derecho a la portabilidad</h3>

<p>Es el derecho a recibir los datos personales que le conciernan y que nos haya facilitado, en un formato estructurado, de uso común y lectura mecánica, y a transmitirlos a otro responsable, siempre que: el tratamiento se base en su consentimiento y se realice por medios automatizados o informáticos.</p>

<h3 class="wp-block-heading">Derecho de oposición  </h3>

<p>Es el derecho a oponerse al tratamiento de sus datos personales basado en nuestro interés legítimo. No seguiremos tratando sus datos personales a menos que podamos demostrar motivos legítimos imperiosos para el tratamiento que prevalezcan sobre sus intereses, derechos y libertades, o para el establecimiento, ejercicio o defensa de reclamaciones.</p>

<h3 class="wp-block-heading">Derecho a presentar una reclamación ante una autoridad de control</h3>

<p>Si considera que tratamos sus datos personales de forma incorrecta, puede ponerse en contacto con nosotros o también tiene derecho a presentar una reclamación ante la Agencia Española de Protección de Datos (AEPD):<br/><a href="https://www.agpd.es/portalwebAGPD/index-ides-idphp.php" target="_blank" rel="noopener">https://www.agpd.es/portalwebAGPD/index-ides-idphp.php</a></p>

<h3 class="wp-block-heading">Ejercicio de derechos</h3>

<p>Puede ejercitar sus derechos dirigiéndose por escrito a la dirección postal arriba indicada o por correo electrónico a info@jubopadel.com, adjuntando en ambos casos copia de su NIF/NIE/Pasaporte o documento similar.</p>

<h2 class="wp-block-heading">V.- Tratamiento de datos personales</h2>

<h3 class="wp-block-heading">Disposiciones generales</h3>

<p>Los datos personales solicitados en cada uno de los tratamientos específicos son adecuados, pertinentes y limitados a lo necesario en relación con los fines para los que son tratados, por lo que se cumple el principio de minimización de datos.<br/>Los datos personales solicitados en cada uno de los tratamientos específicos son estrictamente necesarios; la negativa a suministrarlos implicaría no poder prestar el servicio solicitado.<br/>Las comunicaciones de datos de carácter personal previstas en cada uno de los tratamientos específicos son en unos casos necesarias para la ejecución y mantenimiento de un contrato y en otros casos para el cumplimiento de una obligación legal aplicable al responsable del tratamiento.</p>

<h3 class="wp-block-heading">Asistente digital &#8211; «Chatbot» o «Chat en línea»</h3>

<p>En el caso de que este sitio web utilice un software de chat en línea, proporcionado como autoservicio para proporcionar a los usuarios una respuesta adecuada y rápida a preguntas comunes y para mejorar los servicios al consumidor en beneficio de los usuarios que visitan el sitio web, se tratarán los siguientes datos durante la conversación con el «chat bot»: la dirección IP y otros datos personales introducidos en la función de conversación del «chat bot».<br/>Los datos recogidos no se utilizarán para identificar personalmente al visitante del sitio web, y no se fusionarán con datos personales sobre el portador del seudónimo, a menos que los datos personales se faciliten voluntariamente al utilizar el chat en línea.<br/>La base jurídica de este tratamiento se establece en el artículo 6, apartado 1, letra f), del RGPD.</p>

<h3 class="wp-block-heading">Formulario de contacto</h3>

<p>Los datos personales se tratarán para canalizar las solicitudes de información, sugerencias y quejas de los usuarios o clientes.<br/>La base legal que legitima el tratamiento de los datos personales es el consentimiento expreso marcando «He leído y acepto la política de privacidad.»<br/>Los datos personales se conservarán durante un plazo de dos años desde el momento en que dejen de ser objeto de tratamiento, sin perjuicio del ejercicio de los derechos que le asisten como interesado.</p>

<h3 class="wp-block-heading">Comunicaciones comerciales o boletín informativo</h3>

<p>Los datos personales serán tratados para gestionar la suscripción a nuestra Newsletter, incluyendo el envío de información personalizada o no personalizada sobre nuestros productos o servicios a través de diversos medios como teléfono, correo electrónico, SMS, aplicaciones para dispositivos móviles, así como por cualquier procedimiento. análogo. Hay que tener en cuenta que este tipo de tratamiento de datos puede implicar el análisis de su perfil de usuario para determinar cuáles son sus preferencias y así poder enviarle información más adecuada a sus intereses.<br/>Puede solicitar la cancelación de este tipo de tratamiento, en función del medio utilizado, de la siguiente forma: &#8211; Correo electrónico: A través del enlace a tal efecto que encontrará en cada una de las comunicaciones.<br/>electrónicamente o mediante un procedimiento similar especificado en la comunicación comercial. &#8211; WhatsApp (otras apps): Solicitud de baja.</p>

<h4 class="wp-block-heading">&#8211; SMS: Solicitud de baja.</h4>

<p>La base legal que legitima el tratamiento de los datos personales es el consentimiento expreso prestado: marcando «He leído y acepto la política de privacidad» en la página web, a través de un documento físico o a través de correo electrónico, dependiendo de cada caso.<br/>Hay que tener en cuenta que si el medio utilizado es WhatsApp, los datos personales se transferirán a WhatsApp Ireland Limited, que se encuentra dentro del EEE.<br/>Los datos personales se conservarán mientras usted no retire su consentimiento en la forma indicada en esta sección.</p>

<p>Esta política de privacidad es conforme al Reglamento (UE) 2016/679 del Parlamento Europeo y del Consejo, de 27 de abril de 2016, relativo a la protección de las personas físicas en lo que respecta al tratamiento de datos personales y a la libre circulación de estos datos (RGPD), a la Ley Orgánica 3/2018, de 5 [&hellip;]</p>
